ds digit of 373125691?
5
What is the hundred millions digit of 800297595?
8
What is the hundred thousands digit of 455218898?
2
What is the units digit of 807899948?
8
What is the thousands digit of 60817046?
7
What is the millions digit of 35795970?
5
What is the thousands digit of 59160538?
0
What is the hundred thousands digit of 108130128?
1
What is the millions digit of 1113564926?
3
What is the ten thousands digit of 42394435?
9
What is the hundreds digit of 236568730?
7
What is the ten thousands digit of 445646069?
4
What is the ten thousands digit of 40618601?
1
What is the billions digit of 1510408109?
1
What is the hundreds digit of 16681927?
9
What is the hundred millions digit of 281605750?
2
What is the ten millions digit of 425497195?
2
What is the hundred thousands digit of 2949070042?
0
What is the hundreds digit of 627429784?
7
What is the tens digit of 153960887?
8
What is the ten millions digit of 296430911?
9
What is the hundreds digit of 71781032?
0
What is the ten thousands digit of 13620751?
2
What is the hundred thousands digit of 27824941?
8
What is the tens digit of 8771805?
0
What is the hundreds digit of 3190210767?
7
What is the billions digit of 4082254189?
4
What is the ten thousands digit of 1266396816?
9
What is the ten millions digit of 220420345?
2
What is the thousands digit of 68427825?
7
What is the units digit of 388532572?
2
What is the thousands digit of 1508489494?
9
What is the hundred thousands digit of 2393592113?
5
What is the millions digit of 546054927?
6
What is the thousands digit of 715086214?
6
What is the tens digit of 81438144?
4
What is the thousands digit of 395626745?
6
What is the ten thousands digit of 274399713?
9
What is the hundred millions digit of 711204336?
7
What is the millions digit of 263919638?
3
What is the billions digit of 2116084846?
2
What is the ten thousands digit of 2457923656?
2
What is the hundred thousands digit of 3773807904?
8
What is the units digit of 94709037?
7
What is the tens digit of 8410964658?
5
What is the thousands digit of 15595400?
5
What is the hundred thousands digit of 146082358?
0
What is the units digit of 41404615?
5
What is the hundreds digit of 854428042?
0
What is the ten thousands digit of 42650882?
5
What is the hundreds digit of 601884256?
2
What is the millions digit of 1152584840?
2
What is the ten thousands digit of 565352771?
5
What is the ten millions digit of 272481836?
7
What is the hundred thousands digit of 45785604?
7
What is the ten thousands digit of 38179515?
7
What is the hundreds digit of 47164441?
4
What is the hundreds digit of 126921393?
3
What is the hundred thousands digit of 606536083?
5
What is the hundred millions digit of 3703393704?
7
What is the hundreds digit of 54638570?
5
What is the millions digit of 4217278585?
7
What is the ten thousands digit of 6652542?
5
What is the tens digit of 1558414173?
7
What is the millions digit of 307874522?
7
What is the tens digit of 312391174?
7
What is the thousands digit of 416723371?
3
What is the hundred millions digit of 484028212?
4
What is the hundred thousands digit of 742727259?
7
What is the millions digit of 5346355630?
6
What is the millions digit of 145909565?
5
What is the thousands digit of 42455830?
5
What is the hundreds digit of 425685494?
4
What is the tens digit of 12651079?
7
What is the billions digit of 1153198618?
1
What is the ten millions digit of 191279660?
9
What is the hundreds digit of 88159185?
1
What is the hundreds digit of 12110697?
6
What is the hundred thousands digit of 41908563?
9
What is the ten millions digit of 99312126?
9
What is the ten thousands digit of 1063193367?
9
What is the ten thousands digit of 234402555?
0
What is the hundreds digit of 61072396?
3
What is the thousands digit of 10263395?
3
What is the hundreds digit of 130600000?
0
What is the ten thousands digit of 24710938?
1
What is the hundreds digit of 5542608?
6
What is the hundred thousands digit of 2740578853?
5
What is the units digit of 5376005835?
5
What is the ten millions digit of 2570891684?
7
What is the millions digit of 2206277?
2
What is the thousands digit of 603346789?
6
What is the millions digit of 7882222?
7
What is the millions digit of 1070036055?
0
What is the millions digit of 74588504?
4
What is the hundreds digit of 42906085?
0
What is the ten thousands digit of 4721559979?
5
What is the units digit of 651385998?
8
What is the millions digit of 613996231?
3
What is the hundreds digit of 4298931775?
7
What is the millions digit of 1429733935?
9
What is the thousands digit of 2151696387?
6
What is the units digit of 6352224366?
6
What is the hundred millions digit of 9577223251?
5
What is the ten thousands digit of 73789329?
8
What is the billions digit of 2448153647?
2
What is the hundreds digit of 221890082?
0
What is the hundred thousands digit of 682865498?
8
What is the hundred thousands digit of 596249752?
2
What is the hundred thousands digit of 1386045?
3
What is the billions digit of 8468248887?
8
What is the units digit of 34965424?
4
What is the millions digit of 75954788?
5
What is the ten millions digit of 165931878?
6
What is the thousands digit of 611701832?
1
What is the thousands digit of 2039283338?
3
What is the tens digit of 359838710?
1
What is the units digit of 60549048?
8
What is the hundreds digit of 218803120?
1
What is the tens digit of 1566334062?
6
What is the hundred thousands digit of 66199189?
1
What is the tens digit of 512642593?
9
What is the billions digit of 1560694195?
1
What is the ten thousands digit of 536375963?
7
What is the millions digit of 1297676753?
7
What is the hundreds digit of 2452025163?
1
What is the thousands digit of 497948063?
8
What is the hundred thousands digit of 33302402?
3
What is the ten thousands digit of 176846231?
4
What is the tens digit of 204636360?
6
What is the ten millions digit of 263013645?
6
What is the hundred thousands digit of 31874843?
8
What is the ten thousands digit of 208450966?
5
What is the thousands digit of 607059392?
9
What is the hundreds digit of 30077926?
9
What is the hundred millions digit of 3831167596?
8
What is the hundreds digit of 3822330121?
1
What is the hundreds digit of 738781663?
6
What is the millions digit of 51398767?
1
What is the tens digit of 208971398?
9
What is the ten millions digit of 46069363?
4
What is the tens digit of 67701016?
1
What is the hundred thousands digit of 107244007?
2
What is the units digit of 125307279?
9
What is the ten thousands digit of 828217321?
1
What is the hundreds digit of 20497400?
4
What is the ten millions digit of 130836681?
3
What is the hundred millions digit of 108182623?
1
What is the units digit of 3597523483?
3
What is the hundred millions digit of 2081028989?
0
What is the units digit of 294500564?
4
What is the ten millions digit of 397701864?
9
What is the millions digit of 40102370?
0
What is the hundreds digit of 678171?
1
What is the tens digit of 52527029?
2
What is the millions digit of 218805196?
8
What is the ten millions digit of 13479899?
1
What is the hundred thousands digit of 3610016?
6
What is the ten thousands digit of 49036031?
3
What is the millions digit of 45918522?
5
What is the thousands digit of 1141016?
1
What is the millions digit of 675806215?
5
What is the hundreds digit of 2968261726?
7
What is the thousands digit of 1018445404?
5
What is the tens digit of 67886780?
8
What is the tens digit of 3201837203?
0
What is the hundred millions digit of 531494670?
5
What is the thousands digit of 2945357725?
7
What is the millions digit of 84521922?
4
What is the millions digit of 63497584?
3
What is the ten thousands digit of 200075866?
7
What is the thousands digit of 1362049370?
9
What is the thousands digit of 837611905?
1
What is the hundreds digit of 5711234861?
8
What is the ten thousands digit of 541340685?
4
What is the hundreds digit of 303409540?
5
What is the thousands digit of 123301582?
1
What is the millions digit of 41429192?
1
What is the units digit of 121767809?
9
What is the tens digit of 6399793063?
6
What is the units digit of 2638976634?
4
What is the hundred millions digit of 2758466446?
7
What is the hundred thousands digit of 697567270?
5
What is 